{"id":97,"date":"2024-12-27T09:22:06","date_gmt":"2024-12-27T08:22:06","guid":{"rendered":"https:\/\/delmatra.hu\/2024\/?page_id=97"},"modified":"2024-12-29T16:05:49","modified_gmt":"2024-12-29T15:05:49","slug":"hirek","status":"publish","type":"page","link":"https:\/\/delmatra.hu\/2024\/hirek\/","title":{"rendered":"H\u00edrek"},"content":{"rendered":"\t\t<div data-elementor-type=\"wp-post\" data-elementor-id=\"97\" class=\"elementor elementor-97\">\n\t\t\t\t<div class=\"elementor-element elementor-element-fc89753 e-grid e-con-full e-con e-parent\" data-id=\"fc89753\" data-element_type=\"container\" data-settings=\"{&quot;background_background&quot;:&quot;classic&quot;}\">\n\t\t<div class=\"elementor-element elementor-element-f2ef414 e-grid elementor-hidden-desktop elementor-hidden-tablet elementor-hidden-mobile elementor-hidden-tablet_extra elementor-hidden-mobile_extra e-con-boxed e-con e-child\" data-id=\"f2ef414\" data-element_type=\"container\" data-settings=\"{&quot;background_background&quot;:&quot;classic&quot;}\">\n\t\t\t\t\t<div class=\"e-con-inner\">\n\t\t\t\t<div class=\"elementor-element elementor-element-504700b elementor-align-justify elementor-widget__width-initial elementor-widget elementor-widget-button\" data-id=\"504700b\" data-element_type=\"widget\" data-widget_type=\"button.default\">\n\t\t\t\t<div class=\"elementor-widget-container\">\n\t\t\t\t\t\t\t\t\t<div class=\"elementor-button-wrapper\">\n\t\t\t\t\t<a class=\"elementor-button elementor-button-link elementor-size-sm\" href=\"#\">\n\t\t\t\t\t\t<span class=\"elementor-button-content-wrapper\">\n\t\t\t\t\t\t\t\t\t<span class=\"elementor-button-text\">HFS HELYI LEADER FELH\u00cdV\u00c1SOK<\/span>\n\t\t\t\t\t<\/span>\n\t\t\t\t\t<\/a>\n\t\t\t\t<\/div>\n\t\t\t\t\t\t\t\t<\/div>\n\t\t\t\t<\/div>\n\t\t\t\t<div class=\"elementor-element elementor-element-b62a062 elementor-align-justify elementor-widget__width-initial elementor-widget elementor-widget-button\" data-id=\"b62a062\" data-element_type=\"widget\" data-widget_type=\"button.default\">\n\t\t\t\t<div class=\"elementor-widget-container\">\n\t\t\t\t\t\t\t\t\t<div class=\"elementor-button-wrapper\">\n\t\t\t\t\t<a class=\"elementor-button elementor-button-link elementor-size-sm\" href=\"#\">\n\t\t\t\t\t\t<span class=\"elementor-button-content-wrapper\">\n\t\t\t\t\t\t\t\t\t<span class=\"elementor-button-text\">TELEP\u00dcL\u00c9SEINK<\/span>\n\t\t\t\t\t<\/span>\n\t\t\t\t\t<\/a>\n\t\t\t\t<\/div>\n\t\t\t\t\t\t\t\t<\/div>\n\t\t\t\t<\/div>\n\t\t\t\t<div class=\"elementor-element elementor-element-243f338 elementor-align-justify elementor-widget__width-initial elementor-widget elementor-widget-button\" data-id=\"243f338\" data-element_type=\"widget\" data-widget_type=\"button.default\">\n\t\t\t\t<div class=\"elementor-widget-container\">\n\t\t\t\t\t\t\t\t\t<div class=\"elementor-button-wrapper\">\n\t\t\t\t\t<a class=\"elementor-button elementor-button-link elementor-size-sm\" href=\"#\">\n\t\t\t\t\t\t<span class=\"elementor-button-content-wrapper\">\n\t\t\t\t\t\t\t\t\t<span class=\"elementor-button-text\">EREDM\u00c9NYEINK<\/span>\n\t\t\t\t\t<\/span>\n\t\t\t\t\t<\/a>\n\t\t\t\t<\/div>\n\t\t\t\t\t\t\t\t<\/div>\n\t\t\t\t<\/div>\n\t\t\t\t<div class=\"elementor-element elementor-element-74b9e1c elementor-align-justify elementor-widget__width-initial elementor-widget elementor-widget-button\" data-id=\"74b9e1c\" data-element_type=\"widget\" data-widget_type=\"button.default\">\n\t\t\t\t<div class=\"elementor-widget-container\">\n\t\t\t\t\t\t\t\t\t<div class=\"elementor-button-wrapper\">\n\t\t\t\t\t<a class=\"elementor-button elementor-button-link elementor-size-sm\" href=\"#\">\n\t\t\t\t\t\t<span class=\"elementor-button-content-wrapper\">\n\t\t\t\t\t\t\t\t\t<span class=\"elementor-button-text\">M\u0170K\u00d6D\u00c9SI K\u00d6LTS\u00c9GEK<\/span>\n\t\t\t\t\t<\/span>\n\t\t\t\t\t<\/a>\n\t\t\t\t<\/div>\n\t\t\t\t\t\t\t\t<\/div>\n\t\t\t\t<\/div>\n\t\t\t\t<div class=\"elementor-element elementor-element-0691d8a elementor-align-justify elementor-widget__width-initial elementor-widget elementor-widget-button\" data-id=\"0691d8a\" data-element_type=\"widget\" data-widget_type=\"button.default\">\n\t\t\t\t<div class=\"elementor-widget-container\">\n\t\t\t\t\t\t\t\t\t<div class=\"elementor-button-wrapper\">\n\t\t\t\t\t<a class=\"elementor-button elementor-button-link elementor-size-sm\" href=\"#\">\n\t\t\t\t\t\t<span class=\"elementor-button-content-wrapper\">\n\t\t\t\t\t\t\t\t\t<span class=\"elementor-button-text\">DOKUMENTUMT\u00c1R<\/span>\n\t\t\t\t\t<\/span>\n\t\t\t\t\t<\/a>\n\t\t\t\t<\/div>\n\t\t\t\t\t\t\t\t<\/div>\n\t\t\t\t<\/div>\n\t\t\t\t<div class=\"elementor-element elementor-element-b481598 elementor-widget elementor-widget-text-editor\" data-id=\"b481598\" data-element_type=\"widget\" data-widget_type=\"text-editor.default\">\n\t\t\t\t<div class=\"elementor-widget-container\">\n\t\t\t\t\t\t\t\t\t<p><span style=\"color: #ffffff;\"><em><strong>IRODA NYITVATART\u00c1SA:<\/strong><\/em><\/span><\/p><p><span style=\"color: #ffffff;\">H\u00e9tf\u0151: 7.30 \u2013 16.00<\/span><br \/><span style=\"color: #ffffff;\">Kedd: 7.30 \u2013 16.00<\/span><br \/><span style=\"color: #ffffff;\">Szerda: 7.30 \u2013 16.00<\/span><br \/><span style=\"color: #ffffff;\">Cs\u00fct\u00f6rt\u00f6k: 7.30 \u2013 16.00<\/span><br \/><span style=\"color: #ffffff;\">P\u00e9ntek: 7.30 \u2013 14.00<\/span><\/p><p><span style=\"color: #ffffff;\"><em><strong>Fax sz\u00e1m: 37\/770-005<\/strong><\/em><\/span><\/p><div><p><span style=\"color: #ffffff;\"><em><strong>\u00a0<\/strong><\/em><\/span><\/p><\/div>\t\t\t\t\t\t\t\t<\/div>\n\t\t\t\t<\/div>\n\t\t\t\t\t<\/div>\n\t\t\t\t<\/div>\n\t\t<div class=\"elementor-element elementor-element-0fc9497 e-flex e-con-boxed e-con e-child\" data-id=\"0fc9497\" data-element_type=\"container\" data-settings=\"{&quot;background_background&quot;:&quot;classic&quot;}\">\n\t\t\t\t\t<div class=\"e-con-inner\">\n\t\t\t\t<div class=\"elementor-element elementor-element-e1c5b8b section-title-style-default img_hover_animation_img_no_effect meta-visibility-show title_position_default title_hover_border_default title-default meta_position_default readmore-btn-default-style grid-hover-overlay-type-always tpg-el-box-border-enable tpg-border-bottom-disable elementor-widget elementor-widget-tpg-list-layout\" data-id=\"e1c5b8b\" data-element_type=\"widget\" data-widget_type=\"tpg-list-layout.default\">\n\t\t\t\t<div class=\"elementor-widget-container\">\n\t\t\t\t\t\n        <div class=\"rt-container-fluid rt-tpg-container tpg-el-main-wrapper list-layout1-main \"\n             data-sc-id=\"elementor\"\n             id=\"rt-tpg-container-2669900861\"\n             data-layout=\"list-layout1\"\n             data-grid-style=\"tpg-even\"\n             data-el-settings=''\n             data-el-query=''\n             data-el-path=''\n        >\n\t\t\t                <div id=\"bottom-script-loader\" class=\"bottom-script-loader\">\n                    <div class=\"rt-ball-clip-rotate\">\n                        <div><\/div>\n                    <\/div>\n                <\/div>\n\t\t\t\t            <div class='tpg-header-wrapper '>\n\t\t\t\t\n        <div class=\"tpg-widget-heading-wrapper rt-clear heading-default \">\n            <span class=\"tpg-widget-heading-line line-left\"><\/span>\n\t\t\t<h2 class='tpg-widget-heading'>\n\t\t\t\n\t\t\t\t                    <span>\n\t\t\t\t\t\t\t\t\t\t\t<\/span>\n\t\t\t\t\t\n\t\t\t\t\t\t\t<\/h2>            <span class=\"tpg-widget-heading-line line-right\"><\/span>\n\n\t\t\t\n        <\/div>\n\n\t\t\n\t\t            <\/div>\n\n            <div data-title=\"Loading ...\" class=\"rt-row rt-content-loader list-layout1 tpg-even list-behaviour list-layout-wrapper\">\n\t\t\t\t\n<div class=\"rt-col-md-12 rt-col-sm-12 rt-col-xs-12 img_no_effect rt-list-item rt-grid-item\" data-id=\"2595\">\n\t<div class=\"rt-holder tpg-post-holder \">\n\t\t<div class=\"rt-detail rt-el-content-wrapper\">\n\t\t\t\t\t\t\t<div class=\"rt-img-holder tpg-el-image-wrap has-thumbnail\">\n\t\t\t\t\t<a data-id=\"2595\" href=\"https:\/\/delmatra.hu\/2024\/kap-rd57-022-4-25-kodszamu-rendezvenyek-egyuttmukodesi-keszsegek-fejlesztese-cimu-felhivas-copy\/\" class=\"tpg-post-link\" target=\"_self\">                        <img decoding=\"async\" src=\"https:\/\/delmatra.hu\/2024\/wp-content\/uploads\/2024\/12\/delmatralogo.png\"\n                             class=\"rt-img-responsive\"\n                             width=\"100\"\n                             height=\"80\"\n                             alt=\"KAP-RD57-022-3-25 k\u00f3dsz\u00e1m\u00fa, \u201eOktat\u00e1si, k\u00e9pz\u00e9si programok, t\u00e1borok\u201d c\u00edm\u0171 felh\u00edv\u00e1s\">\n\t\t\t\t\t\t\n\t\t\t\t\t\t\t\n\t\t<\/a>\n\t\t        <div class=\"overlay grid-hover-content\"><\/div>\n\t\t\t\t\t\t<\/div>\n\t\t\t\n\t\t\t<div class=\"post-right-content\">\n\t\t\t\t<div class=\"entry-title-wrapper\"><h3 class=\"entry-title\"><a data-id=\"2595\" href=\"https:\/\/delmatra.hu\/2024\/kap-rd57-022-4-25-kodszamu-rendezvenyek-egyuttmukodesi-keszsegek-fejlesztese-cimu-felhivas-copy\/\" class=\"tpg-post-link\" target=\"_self\">KAP-RD57-022-3-25 k\u00f3dsz\u00e1m\u00fa, \u201eOktat\u00e1si, k\u00e9pz\u00e9si programok, t\u00e1borok\u201d c\u00edm\u0171 felh\u00edv\u00e1s<\/a><\/h3><\/div>\n\t\t\t\t\t\t\t\t\t<div class=\"post-meta-tags rt-el-post-meta\">\n\t\t\t\t\t\t            <span class='date'>\n\t\t\t\t<i class='far fa-calendar-alt '><\/i>\t\t\t\t                    <a href=\"https:\/\/delmatra.hu\/2024\/2026\/03\/31\/\">\n\t\t\t\t\t2026, m\u00e1rcius 31\t\t\t\t<\/a>\n\t\t\t\t\t\t\t<\/span>\n\t\t\t\t\t\t\t\t<\/div>\n\t\t\t\t\n\t\t\t\t\t\t\t\t\t<div class=\"tpg-excerpt tpg-el-excerpt\">\n\t\t\t\t\t\t\t\t\t\t\t\t\t<div class=\"tpg-excerpt-inner\">\n\t\t\t\t\t\t\t\tTisztelt P\u00e1ly\u00e1z\u00f3ink! A D\u00e9l-M\u00e1tra K\u00f6zhaszn\u00fa Egyes\u00fclet HACS munkaszervezete ez\u00faton t\u00e1j\u00e9koztatja...\t\t\t\t\t\t\t<\/div>\n\t\t\t\t\t\t\t\t\t\t\t\t\t\t\t\t\t<\/div>\n\t\t\t\t\n\t\t\t\t        <div class=\"post-footer\">\n            <div class=\"post-footer\">\n                <div class=\"read-more\">\n\t\t\t\t\t<a data-id=\"2595\" href=\"https:\/\/delmatra.hu\/2024\/kap-rd57-022-4-25-kodszamu-rendezvenyek-egyuttmukodesi-keszsegek-fejlesztese-cimu-felhivas-copy\/\" class=\"tpg-post-link\" target=\"_self\">R\u00e9szletek<\/a>                <\/div>\n            <\/div>\n        <\/div>\n\t\t\t\t\t<\/div>\n\t\t<\/div>\n\t<\/div>\n<\/div>\n\n<div class=\"rt-col-md-12 rt-col-sm-12 rt-col-xs-12 img_no_effect rt-list-item rt-grid-item\" data-id=\"2590\">\n\t<div class=\"rt-holder tpg-post-holder \">\n\t\t<div class=\"rt-detail rt-el-content-wrapper\">\n\t\t\t\t\t\t\t<div class=\"rt-img-holder tpg-el-image-wrap has-thumbnail\">\n\t\t\t\t\t<a data-id=\"2590\" href=\"https:\/\/delmatra.hu\/2024\/kap-rd57-022-4-25-kodszamu-rendezvenyek-egyuttmukodesi-keszsegek-fejlesztese-cimu-felhivas\/\" class=\"tpg-post-link\" target=\"_self\">                        <img decoding=\"async\" src=\"https:\/\/delmatra.hu\/2024\/wp-content\/uploads\/2024\/12\/delmatralogo.png\"\n                             class=\"rt-img-responsive\"\n                             width=\"100\"\n                             height=\"80\"\n                             alt=\"KAP-RD57-022-4-25 k\u00f3dsz\u00e1m\u00fa, \u201eRendezv\u00e9nyek, egy\u00fcttm\u0171k\u00f6d\u00e9si k\u00e9szs\u00e9gek fejleszt\u00e9se\u201d c\u00edm\u0171 felh\u00edv\u00e1s\">\n\t\t\t\t\t\t\n\t\t\t\t\t\t\t\n\t\t<\/a>\n\t\t        <div class=\"overlay grid-hover-content\"><\/div>\n\t\t\t\t\t\t<\/div>\n\t\t\t\n\t\t\t<div class=\"post-right-content\">\n\t\t\t\t<div class=\"entry-title-wrapper\"><h3 class=\"entry-title\"><a data-id=\"2590\" href=\"https:\/\/delmatra.hu\/2024\/kap-rd57-022-4-25-kodszamu-rendezvenyek-egyuttmukodesi-keszsegek-fejlesztese-cimu-felhivas\/\" class=\"tpg-post-link\" target=\"_self\">KAP-RD57-022-4-25 k\u00f3dsz\u00e1m\u00fa, \u201eRendezv\u00e9nyek, egy\u00fcttm\u0171k\u00f6d\u00e9si k\u00e9szs\u00e9gek fejleszt\u00e9se\u201d c\u00edm\u0171 felh\u00edv\u00e1s<\/a><\/h3><\/div>\n\t\t\t\t\t\t\t\t\t<div class=\"post-meta-tags rt-el-post-meta\">\n\t\t\t\t\t\t            <span class='date'>\n\t\t\t\t<i class='far fa-calendar-alt '><\/i>\t\t\t\t                    <a href=\"https:\/\/delmatra.hu\/2024\/2026\/03\/31\/\">\n\t\t\t\t\t2026, m\u00e1rcius 31\t\t\t\t<\/a>\n\t\t\t\t\t\t\t<\/span>\n\t\t\t\t\t\t\t\t<\/div>\n\t\t\t\t\n\t\t\t\t\t\t\t\t\t<div class=\"tpg-excerpt tpg-el-excerpt\">\n\t\t\t\t\t\t\t\t\t\t\t\t\t<div class=\"tpg-excerpt-inner\">\n\t\t\t\t\t\t\t\tTisztelt P\u00e1ly\u00e1z\u00f3ink! A D\u00e9l-M\u00e1tra K\u00f6zhaszn\u00fa Egyes\u00fclet HACS munkaszervezete ez\u00faton t\u00e1j\u00e9koztatja...\t\t\t\t\t\t\t<\/div>\n\t\t\t\t\t\t\t\t\t\t\t\t\t\t\t\t\t<\/div>\n\t\t\t\t\n\t\t\t\t        <div class=\"post-footer\">\n            <div class=\"post-footer\">\n                <div class=\"read-more\">\n\t\t\t\t\t<a data-id=\"2590\" href=\"https:\/\/delmatra.hu\/2024\/kap-rd57-022-4-25-kodszamu-rendezvenyek-egyuttmukodesi-keszsegek-fejlesztese-cimu-felhivas\/\" class=\"tpg-post-link\" target=\"_self\">R\u00e9szletek<\/a>                <\/div>\n            <\/div>\n        <\/div>\n\t\t\t\t\t<\/div>\n\t\t<\/div>\n\t<\/div>\n<\/div>\n\n<div class=\"rt-col-md-12 rt-col-sm-12 rt-col-xs-12 img_no_effect rt-list-item rt-grid-item\" data-id=\"2558\">\n\t<div class=\"rt-holder tpg-post-holder \">\n\t\t<div class=\"rt-detail rt-el-content-wrapper\">\n\t\t\t\t\t\t\t<div class=\"rt-img-holder tpg-el-image-wrap has-thumbnail\">\n\t\t\t\t\t<a data-id=\"2558\" href=\"https:\/\/delmatra.hu\/2024\/tajekoztatjuk-onoket-hogy-a-kap-rd57-022-4-25-kodszamu-rendezvenyek-egyuttmukodesi-keszsegek-fejlesztese-cimu-felhivas-segedletei-koze-feltoltesre-kerult\/\" class=\"tpg-post-link\" target=\"_self\">                        <img decoding=\"async\" src=\"https:\/\/delmatra.hu\/2024\/wp-content\/uploads\/2024\/12\/delmatralogo.png\"\n                             class=\"rt-img-responsive\"\n                             width=\"100\"\n                             height=\"80\"\n                             alt=\"T\u00e1j\u00e9koztatjuk \u00d6n\u00f6ket, hogy a KAP-RD57-022-4-25 k\u00f3dsz\u00e1m\u00fa Rendezv\u00e9nyek, egy\u00fcttm\u0171k\u00f6d\u00e9si k\u00e9szs\u00e9gek fejleszt\u00e9se c\u00edm\u0171 felh\u00edv\u00e1s seg\u00e9dletei k\u00f6z\u00e9 felt\u00f6lt\u00e9sre ker\u00fclt\">\n\t\t\t\t\t\t\n\t\t\t\t\t\t\t\n\t\t<\/a>\n\t\t        <div class=\"overlay grid-hover-content\"><\/div>\n\t\t\t\t\t\t<\/div>\n\t\t\t\n\t\t\t<div class=\"post-right-content\">\n\t\t\t\t<div class=\"entry-title-wrapper\"><h3 class=\"entry-title\"><a data-id=\"2558\" href=\"https:\/\/delmatra.hu\/2024\/tajekoztatjuk-onoket-hogy-a-kap-rd57-022-4-25-kodszamu-rendezvenyek-egyuttmukodesi-keszsegek-fejlesztese-cimu-felhivas-segedletei-koze-feltoltesre-kerult\/\" class=\"tpg-post-link\" target=\"_self\">T\u00e1j\u00e9koztatjuk \u00d6n\u00f6ket, hogy a KAP-RD57-022-4-25 k\u00f3dsz\u00e1m\u00fa Rendezv\u00e9nyek, egy\u00fcttm\u0171k\u00f6d\u00e9si k\u00e9szs\u00e9gek fejleszt\u00e9se c\u00edm\u0171 felh\u00edv\u00e1s seg\u00e9dletei k\u00f6z\u00e9 felt\u00f6lt\u00e9sre ker\u00fclt<\/a><\/h3><\/div>\n\t\t\t\t\t\t\t\t\t<div class=\"post-meta-tags rt-el-post-meta\">\n\t\t\t\t\t\t            <span class='date'>\n\t\t\t\t<i class='far fa-calendar-alt '><\/i>\t\t\t\t                    <a href=\"https:\/\/delmatra.hu\/2024\/2026\/02\/17\/\">\n\t\t\t\t\t2026, febru\u00e1r 17\t\t\t\t<\/a>\n\t\t\t\t\t\t\t<\/span>\n\t\t\t\t\t\t\t\t<\/div>\n\t\t\t\t\n\t\t\t\t\t\t\t\t\t<div class=\"tpg-excerpt tpg-el-excerpt\">\n\t\t\t\t\t\t\t\t\t\t\t\t\t<div class=\"tpg-excerpt-inner\">\n\t\t\t\t\t\t\t\tTisztelt P\u00e1ly\u00e1z\u00f3ink! T\u00e1j\u00e9koztatjuk \u00d6n\u00f6ket, hogy a KAP-RD57-022-4-25 k\u00f3dsz\u00e1m\u00fa Rendezv\u00e9nyek...\t\t\t\t\t\t\t<\/div>\n\t\t\t\t\t\t\t\t\t\t\t\t\t\t\t\t\t<\/div>\n\t\t\t\t\n\t\t\t\t        <div class=\"post-footer\">\n            <div class=\"post-footer\">\n                <div class=\"read-more\">\n\t\t\t\t\t<a data-id=\"2558\" href=\"https:\/\/delmatra.hu\/2024\/tajekoztatjuk-onoket-hogy-a-kap-rd57-022-4-25-kodszamu-rendezvenyek-egyuttmukodesi-keszsegek-fejlesztese-cimu-felhivas-segedletei-koze-feltoltesre-kerult\/\" class=\"tpg-post-link\" target=\"_self\">R\u00e9szletek<\/a>                <\/div>\n            <\/div>\n        <\/div>\n\t\t\t\t\t<\/div>\n\t\t<\/div>\n\t<\/div>\n<\/div>\n\n<div class=\"rt-col-md-12 rt-col-sm-12 rt-col-xs-12 img_no_effect rt-list-item rt-grid-item\" data-id=\"2500\">\n\t<div class=\"rt-holder tpg-post-holder \">\n\t\t<div class=\"rt-detail rt-el-content-wrapper\">\n\t\t\t\t\t\t\t<div class=\"rt-img-holder tpg-el-image-wrap has-thumbnail\">\n\t\t\t\t\t<a data-id=\"2500\" href=\"https:\/\/delmatra.hu\/2024\/a-del-matra-kozhasznu-egyesulet-kap-rd57-022-3-26-kodszamu-oktatasi-kepzesi-programok-taborok-cimu-felhivasa\/\" class=\"tpg-post-link\" target=\"_self\">                        <img loading=\"lazy\" decoding=\"async\" src=\"https:\/\/delmatra.hu\/2024\/wp-content\/uploads\/2024\/12\/delmatralogo.png\"\n                             class=\"rt-img-responsive\"\n                             width=\"100\"\n                             height=\"80\"\n                             alt=\"a\u00a0D\u00e9l-M\u00e1tra K\u00f6zhaszn\u00fa Egyes\u00fclet \u00a0KAP-RD57-022-3-26 k\u00f3dsz\u00e1m\u00fa \u00a0\u201eOktat\u00e1si, k\u00e9pz\u00e9si programok, t\u00e1borok\u201d\u00a0c\u00edm\u0171 felh\u00edv\u00e1sa.\">\n\t\t\t\t\t\t\n\t\t\t\t\t\t\t\n\t\t<\/a>\n\t\t        <div class=\"overlay grid-hover-content\"><\/div>\n\t\t\t\t\t\t<\/div>\n\t\t\t\n\t\t\t<div class=\"post-right-content\">\n\t\t\t\t<div class=\"entry-title-wrapper\"><h3 class=\"entry-title\"><a data-id=\"2500\" href=\"https:\/\/delmatra.hu\/2024\/a-del-matra-kozhasznu-egyesulet-kap-rd57-022-3-26-kodszamu-oktatasi-kepzesi-programok-taborok-cimu-felhivasa\/\" class=\"tpg-post-link\" target=\"_self\">a\u00a0D\u00e9l-M\u00e1tra K\u00f6zhaszn\u00fa Egyes\u00fclet \u00a0KAP-RD57-022-3-26 k\u00f3dsz\u00e1m\u00fa \u00a0\u201eOktat\u00e1si, k\u00e9pz\u00e9si programok, t\u00e1borok\u201d\u00a0c\u00edm\u0171 felh\u00edv\u00e1sa.<\/a><\/h3><\/div>\n\t\t\t\t\t\t\t\t\t<div class=\"post-meta-tags rt-el-post-meta\">\n\t\t\t\t\t\t            <span class='date'>\n\t\t\t\t<i class='far fa-calendar-alt '><\/i>\t\t\t\t                    <a href=\"https:\/\/delmatra.hu\/2024\/2026\/02\/02\/\">\n\t\t\t\t\t2026, febru\u00e1r 2\t\t\t\t<\/a>\n\t\t\t\t\t\t\t<\/span>\n\t\t\t\t\t\t\t\t<\/div>\n\t\t\t\t\n\t\t\t\t\t\t\t\t\t<div class=\"tpg-excerpt tpg-el-excerpt\">\n\t\t\t\t\t\t\t\t\t\t\t\t\t<div class=\"tpg-excerpt-inner\">\n\t\t\t\t\t\t\t\tTisztelt P\u00e1ly\u00e1z\u00f3ink! \u00a0 T\u00e1j\u00e9koztatjuk \u00d6n\u00f6ket, hogy\u00a02026.01.30-\u00e1n\u00a0megjelent a\u00a0D\u00e9l-M\u00e1tra K\u00f6zhaszn\u00fa...\t\t\t\t\t\t\t<\/div>\n\t\t\t\t\t\t\t\t\t\t\t\t\t\t\t\t\t<\/div>\n\t\t\t\t\n\t\t\t\t        <div class=\"post-footer\">\n            <div class=\"post-footer\">\n                <div class=\"read-more\">\n\t\t\t\t\t<a data-id=\"2500\" href=\"https:\/\/delmatra.hu\/2024\/a-del-matra-kozhasznu-egyesulet-kap-rd57-022-3-26-kodszamu-oktatasi-kepzesi-programok-taborok-cimu-felhivasa\/\" class=\"tpg-post-link\" target=\"_self\">R\u00e9szletek<\/a>                <\/div>\n            <\/div>\n        <\/div>\n\t\t\t\t\t<\/div>\n\t\t<\/div>\n\t<\/div>\n<\/div>\n            <\/div>\n\n\t\t\t<div class='rt-pagination-wrap' data-total-pages='5' data-posts-per-page='4' data-type='pagination'><div class=\"rt-pagination\"><ul class=\"pagination-list\"><li class=\"active\"><span>1<\/span><\/li><li><a data-paged='2' href='https:\/\/delmatra.hu\/2024\/wp-json\/wp\/v2\/pages\/97\/page\/2\/'>2<\/a><\/li><li><a data-paged='3' href='https:\/\/delmatra.hu\/2024\/wp-json\/wp\/v2\/pages\/97\/page\/3\/'>3<\/a><\/li><li><a data-paged='4' href='https:\/\/delmatra.hu\/2024\/wp-json\/wp\/v2\/pages\/97\/page\/4\/'>4<\/a><\/li><li><a data-paged='5' href='https:\/\/delmatra.hu\/2024\/wp-json\/wp\/v2\/pages\/97\/page\/5\/'>5<\/a><\/li><\/ul><\/div><\/div>\n        <\/div>\n\t\t\t\t\t\t<\/div>\n\t\t\t\t<\/div>\n\t\t\t\t\t<\/div>\n\t\t\t\t<\/div>\n\t\t\t\t<\/div>\n\t\t\t\t<\/div>\n\t\t","protected":false},"excerpt":{"rendered":"<p>HFS HELYI LEADER FELH\u00cdV\u00c1SOK TELEP\u00dcL\u00c9SEINK EREDM\u00c9NYEINK M\u0170K\u00d6D\u00c9SI K\u00d6LTS\u00c9GEK DOKUMENTUMT\u00c1R IRODA NYITVATART\u00c1SA: H\u00e9tf\u0151: 7.30 \u2013 16.00Kedd: 7.30 \u2013 16.00Szerda: 7.30 \u2013 16.00Cs\u00fct\u00f6rt\u00f6k: 7.30 \u2013 16.00P\u00e9ntek: 7.30 \u2013 14.00 Fax sz\u00e1m: 37\/770-005 \u00a0 Kellemes \u00dcnnepeket K\u00edv\u00e1nunk! 2024, december 20 &#8230; R\u00e9szletek Tisztelt Egyes\u00fcleti Tag! 2024, november 27 Tisztelt Egyes\u00fcleti Tag! A D\u00e9l- M\u00e1tra K\u00f6zhaszn\u00fa Egyes\u00fclet tisztelettel megh\u00edvja [&hellip;]<\/p>\n","protected":false},"author":1,"featured_media":0,"parent":0,"menu_order":0,"comment_status":"closed","ping_status":"closed","template":"","meta":{"footnotes":""},"class_list":["post-97","page","type-page","status-publish","hentry"],"rttpg_featured_image_url":null,"rttpg_author":{"display_name":"d@lmatra","author_link":"https:\/\/delmatra.hu\/2024\/author\/dlmatra\/"},"rttpg_comment":0,"rttpg_category":"","rttpg_excerpt":"HFS HELYI LEADER FELH\u00cdV\u00c1SOK TELEP\u00dcL\u00c9SEINK EREDM\u00c9NYEINK M\u0170K\u00d6D\u00c9SI K\u00d6LTS\u00c9GEK DOKUMENTUMT\u00c1R IRODA NYITVATART\u00c1SA: H\u00e9tf\u0151: 7.30 \u2013 16.00Kedd: 7.30 \u2013 16.00Szerda: 7.30 \u2013 16.00Cs\u00fct\u00f6rt\u00f6k: 7.30 \u2013 16.00P\u00e9ntek: 7.30 \u2013 14.00 Fax sz\u00e1m: 37\/770-005 \u00a0 Kellemes \u00dcnnepeket K\u00edv\u00e1nunk! 2024, december 20 &#8230; R\u00e9szletek Tisztelt Egyes\u00fcleti Tag! 2024, november 27 Tisztelt Egyes\u00fcleti Tag! A D\u00e9l- M\u00e1tra K\u00f6zhaszn\u00fa Egyes\u00fclet tisztelettel megh\u00edvja&hellip;","_links":{"self":[{"href":"https:\/\/delmatra.hu\/2024\/wp-json\/wp\/v2\/pages\/97","targetHints":{"allow":["GET"]}}],"collection":[{"href":"https:\/\/delmatra.hu\/2024\/wp-json\/wp\/v2\/pages"}],"about":[{"href":"https:\/\/delmatra.hu\/2024\/wp-json\/wp\/v2\/types\/page"}],"author":[{"embeddable":true,"href":"https:\/\/delmatra.hu\/2024\/wp-json\/wp\/v2\/users\/1"}],"replies":[{"embeddable":true,"href":"https:\/\/delmatra.hu\/2024\/wp-json\/wp\/v2\/comments?post=97"}],"version-history":[{"count":35,"href":"https:\/\/delmatra.hu\/2024\/wp-json\/wp\/v2\/pages\/97\/revisions"}],"predecessor-version":[{"id":852,"href":"https:\/\/delmatra.hu\/2024\/wp-json\/wp\/v2\/pages\/97\/revisions\/852"}],"wp:attachment":[{"href":"https:\/\/delmatra.hu\/2024\/wp-json\/wp\/v2\/media?parent=97"}],"curies":[{"name":"wp","href":"https:\/\/api.w.org\/{rel}","templated":true}]}}