{"id":739,"date":"2024-12-29T09:45:53","date_gmt":"2024-12-29T08:45:53","guid":{"rendered":"https:\/\/delmatra.hu\/2024\/?page_id=739"},"modified":"2025-07-17T12:21:01","modified_gmt":"2025-07-17T10:21:01","slug":"helyi-biralo-bizottsag","status":"publish","type":"page","link":"https:\/\/delmatra.hu\/2024\/helyi-biralo-bizottsag\/","title":{"rendered":"HELYI B\u00cdR\u00c1L\u00d3 BIZOTTS\u00c1G"},"content":{"rendered":"\t\t<div data-elementor-type=\"wp-page\" data-elementor-id=\"739\" class=\"elementor elementor-739\">\n\t\t\t\t<div class=\"elementor-element elementor-element-f56c256 e-grid e-con-full e-con e-parent\" data-id=\"f56c256\" data-element_type=\"container\" data-settings=\"{&quot;background_background&quot;:&quot;classic&quot;}\">\n\t\t<div class=\"elementor-element elementor-element-196e67f e-grid elementor-hidden-desktop elementor-hidden-tablet elementor-hidden-mobile elementor-hidden-tablet_extra elementor-hidden-mobile_extra e-con-boxed e-con e-child\" data-id=\"196e67f\" data-element_type=\"container\" data-settings=\"{&quot;background_background&quot;:&quot;classic&quot;}\">\n\t\t\t\t\t<div class=\"e-con-inner\">\n\t\t\t\t<div class=\"elementor-element elementor-element-8301eed elementor-align-justify elementor-widget__width-initial elementor-widget elementor-widget-button\" data-id=\"8301eed\" data-element_type=\"widget\" data-widget_type=\"button.default\">\n\t\t\t\t<div class=\"elementor-widget-container\">\n\t\t\t\t\t\t\t\t\t<div class=\"elementor-button-wrapper\">\n\t\t\t\t\t<a class=\"elementor-button elementor-button-link elementor-size-sm\" href=\"#\">\n\t\t\t\t\t\t<span class=\"elementor-button-content-wrapper\">\n\t\t\t\t\t\t\t\t\t<span class=\"elementor-button-text\">HFS HELYI LEADER FELH\u00cdV\u00c1SOK<\/span>\n\t\t\t\t\t<\/span>\n\t\t\t\t\t<\/a>\n\t\t\t\t<\/div>\n\t\t\t\t\t\t\t\t<\/div>\n\t\t\t\t<\/div>\n\t\t\t\t<div class=\"elementor-element elementor-element-7f694dc elementor-align-justify elementor-widget__width-initial elementor-widget elementor-widget-button\" data-id=\"7f694dc\" data-element_type=\"widget\" data-widget_type=\"button.default\">\n\t\t\t\t<div class=\"elementor-widget-container\">\n\t\t\t\t\t\t\t\t\t<div class=\"elementor-button-wrapper\">\n\t\t\t\t\t<a class=\"elementor-button elementor-button-link elementor-size-sm\" href=\"#\">\n\t\t\t\t\t\t<span class=\"elementor-button-content-wrapper\">\n\t\t\t\t\t\t\t\t\t<span class=\"elementor-button-text\">TELEP\u00dcL\u00c9SEINK<\/span>\n\t\t\t\t\t<\/span>\n\t\t\t\t\t<\/a>\n\t\t\t\t<\/div>\n\t\t\t\t\t\t\t\t<\/div>\n\t\t\t\t<\/div>\n\t\t\t\t<div class=\"elementor-element elementor-element-92c2e8d elementor-align-justify elementor-widget__width-initial elementor-widget elementor-widget-button\" data-id=\"92c2e8d\" data-element_type=\"widget\" data-widget_type=\"button.default\">\n\t\t\t\t<div class=\"elementor-widget-container\">\n\t\t\t\t\t\t\t\t\t<div class=\"elementor-button-wrapper\">\n\t\t\t\t\t<a class=\"elementor-button elementor-button-link elementor-size-sm\" href=\"#\">\n\t\t\t\t\t\t<span class=\"elementor-button-content-wrapper\">\n\t\t\t\t\t\t\t\t\t<span class=\"elementor-button-text\">EREDM\u00c9NYEINK<\/span>\n\t\t\t\t\t<\/span>\n\t\t\t\t\t<\/a>\n\t\t\t\t<\/div>\n\t\t\t\t\t\t\t\t<\/div>\n\t\t\t\t<\/div>\n\t\t\t\t<div class=\"elementor-element elementor-element-5d434b6 elementor-align-justify elementor-widget__width-initial elementor-widget elementor-widget-button\" data-id=\"5d434b6\" data-element_type=\"widget\" data-widget_type=\"button.default\">\n\t\t\t\t<div class=\"elementor-widget-container\">\n\t\t\t\t\t\t\t\t\t<div class=\"elementor-button-wrapper\">\n\t\t\t\t\t<a class=\"elementor-button elementor-button-link elementor-size-sm\" href=\"#\">\n\t\t\t\t\t\t<span class=\"elementor-button-content-wrapper\">\n\t\t\t\t\t\t\t\t\t<span class=\"elementor-button-text\">M\u0170K\u00d6D\u00c9SI K\u00d6LTS\u00c9GEK<\/span>\n\t\t\t\t\t<\/span>\n\t\t\t\t\t<\/a>\n\t\t\t\t<\/div>\n\t\t\t\t\t\t\t\t<\/div>\n\t\t\t\t<\/div>\n\t\t\t\t<div class=\"elementor-element elementor-element-986d1aa elementor-align-justify elementor-widget__width-initial elementor-widget elementor-widget-button\" data-id=\"986d1aa\" data-element_type=\"widget\" data-widget_type=\"button.default\">\n\t\t\t\t<div class=\"elementor-widget-container\">\n\t\t\t\t\t\t\t\t\t<div class=\"elementor-button-wrapper\">\n\t\t\t\t\t<a class=\"elementor-button elementor-button-link elementor-size-sm\" href=\"#\">\n\t\t\t\t\t\t<span class=\"elementor-button-content-wrapper\">\n\t\t\t\t\t\t\t\t\t<span class=\"elementor-button-text\">DOKUMENTUMT\u00c1R<\/span>\n\t\t\t\t\t<\/span>\n\t\t\t\t\t<\/a>\n\t\t\t\t<\/div>\n\t\t\t\t\t\t\t\t<\/div>\n\t\t\t\t<\/div>\n\t\t\t\t<div class=\"elementor-element elementor-element-108789a elementor-widget elementor-widget-text-editor\" data-id=\"108789a\" data-element_type=\"widget\" data-widget_type=\"text-editor.default\">\n\t\t\t\t<div class=\"elementor-widget-container\">\n\t\t\t\t\t\t\t\t\t<p><span style=\"color: #ffffff;\"><em><strong>IRODA NYITVATART\u00c1SA:<\/strong><\/em><\/span><\/p><p><span style=\"color: #ffffff;\">H\u00e9tf\u0151: 7.30 \u2013 16.00<\/span><br \/><span style=\"color: #ffffff;\">Kedd: 7.30 \u2013 16.00<\/span><br \/><span style=\"color: #ffffff;\">Szerda: 7.30 \u2013 16.00<\/span><br \/><span style=\"color: #ffffff;\">Cs\u00fct\u00f6rt\u00f6k: 7.30 \u2013 16.00<\/span><br \/><span style=\"color: #ffffff;\">P\u00e9ntek: 7.30 \u2013 14.00<\/span><\/p><p><span style=\"color: #ffffff;\"><em><strong>Fax sz\u00e1m: 37\/770-005<\/strong><\/em><\/span><\/p><div><p><span style=\"color: #ffffff;\"><em><strong>\u00a0<\/strong><\/em><\/span><\/p><\/div>\t\t\t\t\t\t\t\t<\/div>\n\t\t\t\t<\/div>\n\t\t\t\t\t<\/div>\n\t\t\t\t<\/div>\n\t\t<div class=\"elementor-element elementor-element-18f61f2 e-flex e-con-boxed e-con e-child\" data-id=\"18f61f2\" data-element_type=\"container\" data-settings=\"{&quot;background_background&quot;:&quot;classic&quot;}\">\n\t\t\t\t\t<div class=\"e-con-inner\">\n\t\t\t\t<div class=\"elementor-element elementor-element-53aa0eb elementor-widget elementor-widget-text-editor\" data-id=\"53aa0eb\" data-element_type=\"widget\" data-widget_type=\"text-editor.default\">\n\t\t\t\t<div class=\"elementor-widget-container\">\n\t\t\t\t\t\t\t\t\t<h2 style=\"font-weight: 400;\"><strong>2023-2027 LEADER KAP Strat\u00e9giai Terv programoz\u00e1si id\u0151szak<\/strong><\/h2><h2 style=\"font-weight: 400;\"><strong>\u00a0<\/strong><strong>Helyi B\u00edr\u00e1l\u00f3 Bizotts\u00e1g<\/strong><\/h2><p style=\"font-weight: 400;\"><a href=\"https:\/\/delmatra.hu\/2024\/wp-content\/uploads\/2025\/07\/HBB-tagok-.pdf\" target=\"_blank\" rel=\"noopener\"><strong>\u00a0<\/strong><strong>HBB tagok<\/strong><\/a><\/p><h2>2014-2020 TERVEZ\u00c9SI ID\u0150SZAK<\/h2><h2>HELYI B\u00cdR\u00c1L\u00d3 BIZOTTS\u00c1G<\/h2><p><a href=\"https:\/\/delmatra.hu\/images\/HBBtagok.pdf\" target=\"_blank\" rel=\"noopener noreferrer\"><span class=\"views-field-nothing\"><span class=\"field-content\"><strong>HBB tagok &#8211; &#8211; &#8211; &#8211; &#8211; Friss\u00edt\u00e9s d\u00e1tuma: 2021.01.21.<\/strong><\/span><\/span><\/a><\/p><div><a href=\"http:\/\/delmatra.hu\/sites\/default\/files\/HBB%20%C3%9CGYREND_v%C3%A9gleges.docx\" target=\"_blank\" rel=\"noopener noreferrer\"><span class=\"views-field-nothing\"><span class=\"field-content\">HBB \u00fcgyrend &#8211; &#8211; &#8211; &#8211; &#8211; Friss\u00edt\u00e9s d\u00e1tuma: 2018.03.22.<\/span><\/span><\/a><\/div><div>\u00a0<\/div><h2>2008-2013 TERVEZ\u00c9SI ID\u0150SZAK<\/h2><h2>HELYI B\u00cdR\u00c1L\u00d3 BIZOTTS\u00c1G<\/h2><div class=\"clear-block\"><div><a href=\"http:\/\/delmatra.hu\/uj\/sites\/default\/files\/HBB%20tagok.pdf#overlay-context=helyi_biralo_bizottsag\" target=\"_blank\" rel=\"noopener noreferrer\"><span class=\"views-field-nothing\"><span class=\"field-content\">HBB tagok &#8211; &#8211; &#8211; &#8211; &#8211; Friss\u00edt\u00e9s d\u00e1tuma: 2013.04.15.<\/span><\/span><\/a><\/div><div>\u00a0<\/div><div><span class=\"views-field-nothing\"><span class=\"field-content\"><a href=\"http:\/\/delmatra.hu\/uj\/sites\/default\/files\/HBB_elj%C3%A1r%C3%A1srend_20130311.pdf#overlay-context=helyi_biralo_bizottsag\" target=\"_blank\" rel=\"noopener noreferrer\">HBB elj\u00e1r\u00e1srend\u00a0 &#8211; &#8211; &#8211; &#8211; Friss\u00edt\u00e9s d\u00e1tuma: 2013.03.25.<\/a><\/span><\/span><\/div><div>\u00a0<\/div><div><a href=\"https:\/\/delmatra.hu\/sites\/default\/files\/meghivohatodikules.pdf\" target=\"_blank\" rel=\"noopener noreferrer\">Friss\u00edt\u00e9s d\u00e1tuma: 2011.09.23 &#8211;\u00a0<strong>Megh\u00edv\u00f3 D\u00e9l-M\u00e1tra HBB hatodik \u00fcl\u00e9s &gt;&gt;<\/strong><\/a><\/div><div>\u00a0<\/div><div><a href=\"https:\/\/delmatra.hu\/sites\/default\/files\/hbbnegyedik_0.pdf\" target=\"_blank\" rel=\"noopener noreferrer\">Friss\u00edt\u00e9s d\u00e1tuma: 2011.09.16 &#8211;\u00a0<strong>Megh\u00edv\u00f3 D\u00e9l-M\u00e1tra HBB \u00f6t\u00f6dik \u00fcl\u00e9s &gt;&gt;<\/strong><\/a><\/div><div>\u00a0<\/div><div><a href=\"https:\/\/delmatra.hu\/sites\/default\/files\/meghivotodikules.pdf\" target=\"_blank\" rel=\"noopener noreferrer\">Friss\u00edt\u00e9s d\u00e1tuma: 2011.09.09 &#8211;\u00a0<strong>Megh\u00edv\u00f3 D\u00e9l-M\u00e1tra HBB negyedik \u00fcl\u00e9s &gt;&gt;<\/strong><\/a><\/div><div>\u00a0<\/div><div><a href=\"https:\/\/delmatra.hu\/sites\/default\/files\/hbbharmadik_0.pdf\" target=\"_blank\" rel=\"noopener noreferrer\">Friss\u00edt\u00e9s d\u00e1tuma: 2011.08.30 &#8211;\u00a0<strong>Megh\u00edv\u00f3 D\u00e9l-M\u00e1tra HBB harmadik \u00fcl\u00e9s &gt;&gt;<\/strong><\/a><\/div><div>\u00a0<\/div><div><a href=\"https:\/\/delmatra.hu\/sites\/default\/files\/MeghuvoDel-MatraHBBmasodikul%C3%A9s.pdf\" target=\"_blank\" rel=\"noopener noreferrer\">Friss\u00edt\u00e9s d\u00e1tuma: 2011.08.19 &#8211;\u00a0<strong>Megh\u00edv\u00f3 D\u00e9l-M\u00e1tra HBB m\u00e1sodik \u00fcl\u00e9s &gt;&gt;<\/strong><\/a><\/div><div>\u00a0<\/div><div><a href=\"https:\/\/delmatra.hu\/sites\/default\/files\/HBBeljrsrendmdos%C3%ADtott.pdf\" target=\"_blank\" rel=\"noopener noreferrer\">Friss\u00edt\u00e9s d\u00e1tuma: 2011.08.09 &#8211;\u00a0<strong>D\u00e9l-M\u00e1tra K\u00f6zhaszn\u00fa Egyes\u00fclet HBB elj\u00e1r\u00e1srend\u00a0 &gt;&gt;<\/strong><\/a><\/div><div>\u00a0<\/div><div><a href=\"https:\/\/delmatra.hu\/sites\/default\/files\/hbbtagok_0.pdf\" target=\"_blank\" rel=\"noopener noreferrer\">Friss\u00edt\u00e9s d\u00e1tuma: 2011.08.09 &#8211;\u00a0<strong>D\u00e9l-M\u00e1tra K\u00f6zhaszn\u00fa Egyes\u00fclet HBB tagok &gt;&gt;<\/strong><\/a><\/div><div>\u00a0<\/div><div><a href=\"https:\/\/delmatra.hu\/sites\/default\/files\/atadasatveteli_%20formanyomtatvany.pdf\" target=\"_blank\" rel=\"noopener noreferrer\">Friss\u00edt\u00e9s d\u00e1tuma: 2011.08.09 &#8211;\u00a0<strong>\u00c1tad\u00e1s-\u00e1tv\u00e9teli\u00a0 formanyomtatv\u00e1ny &gt;&gt;<\/strong><\/a><\/div><div>\u00a0<\/div><div><a href=\"https:\/\/delmatra.hu\/sites\/default\/files\/Projekt_adatlapformanyomtatv%C3%A1ny.doc\" target=\"_blank\" rel=\"noopener noreferrer\">Friss\u00edt\u00e9s d\u00e1tuma: 2011.08.09 &#8211;\u00a0<strong>Projekt adatlap formanyomtatv\u00e1ny &gt;&gt;<\/strong><\/a><\/div><div>\u00a0<\/div><div><a href=\"https:\/\/delmatra.hu\/sites\/default\/files\/MeghivoDlMtraHBBelsls.pdf\" target=\"_blank\" rel=\"noopener noreferrer\">Friss\u00edt\u00e9s d\u00e1tuma: 2011.08.09 &#8211;\u00a0<strong>Megh\u00edv\u00f3 D\u00e9l-M\u00e1tra HBB els\u0151 \u00fcl\u00e9s &gt;&gt;<\/strong><\/a><\/div><\/div>\t\t\t\t\t\t\t\t<\/div>\n\t\t\t\t<\/div>\n\t\t\t\t\t<\/div>\n\t\t\t\t<\/div>\n\t\t\t\t<\/div>\n\t\t\t\t<\/div>\n\t\t","protected":false},"excerpt":{"rendered":"<p>HFS HELYI LEADER FELH\u00cdV\u00c1SOK TELEP\u00dcL\u00c9SEINK EREDM\u00c9NYEINK M\u0170K\u00d6D\u00c9SI K\u00d6LTS\u00c9GEK DOKUMENTUMT\u00c1R IRODA NYITVATART\u00c1SA: H\u00e9tf\u0151: 7.30 \u2013 16.00Kedd: 7.30 \u2013 16.00Szerda: 7.30 \u2013 16.00Cs\u00fct\u00f6rt\u00f6k: 7.30 \u2013 16.00P\u00e9ntek: 7.30 \u2013 14.00 Fax sz\u00e1m: 37\/770-005 \u00a0 2023-2027 LEADER KAP Strat\u00e9giai Terv programoz\u00e1si id\u0151szak \u00a0Helyi B\u00edr\u00e1l\u00f3 Bizotts\u00e1g \u00a0HBB tagok 2014-2020 TERVEZ\u00c9SI ID\u0150SZAK HELYI B\u00cdR\u00c1L\u00d3 BIZOTTS\u00c1G HBB tagok &#8211; &#8211; &#8211; &#8211; [&hellip;]<\/p>\n","protected":false},"author":1,"featured_media":0,"parent":0,"menu_order":0,"comment_status":"closed","ping_status":"closed","template":"","meta":{"footnotes":""},"class_list":["post-739","page","type-page","status-publish","hentry"],"rttpg_featured_image_url":null,"rttpg_author":{"display_name":"d@lmatra","author_link":"https:\/\/delmatra.hu\/2024\/author\/dlmatra\/"},"rttpg_comment":0,"rttpg_category":null,"rttpg_excerpt":"HFS HELYI LEADER FELH\u00cdV\u00c1SOK TELEP\u00dcL\u00c9SEINK EREDM\u00c9NYEINK M\u0170K\u00d6D\u00c9SI K\u00d6LTS\u00c9GEK DOKUMENTUMT\u00c1R IRODA NYITVATART\u00c1SA: H\u00e9tf\u0151: 7.30 \u2013 16.00Kedd: 7.30 \u2013 16.00Szerda: 7.30 \u2013 16.00Cs\u00fct\u00f6rt\u00f6k: 7.30 \u2013 16.00P\u00e9ntek: 7.30 \u2013 14.00 Fax sz\u00e1m: 37\/770-005 \u00a0 2023-2027 LEADER KAP Strat\u00e9giai Terv programoz\u00e1si id\u0151szak \u00a0Helyi B\u00edr\u00e1l\u00f3 Bizotts\u00e1g \u00a0HBB tagok 2014-2020 TERVEZ\u00c9SI ID\u0150SZAK HELYI B\u00cdR\u00c1L\u00d3 BIZOTTS\u00c1G HBB tagok &#8211; &#8211; &#8211; &#8211;&hellip;","_links":{"self":[{"href":"https:\/\/delmatra.hu\/2024\/wp-json\/wp\/v2\/pages\/739","targetHints":{"allow":["GET"]}}],"collection":[{"href":"https:\/\/delmatra.hu\/2024\/wp-json\/wp\/v2\/pages"}],"about":[{"href":"https:\/\/delmatra.hu\/2024\/wp-json\/wp\/v2\/types\/page"}],"author":[{"embeddable":true,"href":"https:\/\/delmatra.hu\/2024\/wp-json\/wp\/v2\/users\/1"}],"replies":[{"embeddable":true,"href":"https:\/\/delmatra.hu\/2024\/wp-json\/wp\/v2\/comments?post=739"}],"version-history":[{"count":10,"href":"https:\/\/delmatra.hu\/2024\/wp-json\/wp\/v2\/pages\/739\/revisions"}],"predecessor-version":[{"id":2205,"href":"https:\/\/delmatra.hu\/2024\/wp-json\/wp\/v2\/pages\/739\/revisions\/2205"}],"wp:attachment":[{"href":"https:\/\/delmatra.hu\/2024\/wp-json\/wp\/v2\/media?parent=739"}],"curies":[{"name":"wp","href":"https:\/\/api.w.org\/{rel}","templated":true}]}}