{"id":1605,"date":"2025-01-01T12:58:05","date_gmt":"2025-01-01T11:58:05","guid":{"rendered":"https:\/\/delmatra.hu\/2024\/?page_id=1605"},"modified":"2025-05-07T08:01:25","modified_gmt":"2025-05-07T06:01:25","slug":"eredmenyeink","status":"publish","type":"page","link":"https:\/\/delmatra.hu\/2024\/eredmenyeink\/","title":{"rendered":"EREDM\u00c9NYEINK"},"content":{"rendered":"\t\t<div data-elementor-type=\"wp-page\" data-elementor-id=\"1605\" class=\"elementor elementor-1605\">\n\t\t\t\t<div class=\"elementor-element elementor-element-1737b2f e-con-full e-flex e-con e-parent\" data-id=\"1737b2f\" data-element_type=\"container\" data-settings=\"{&quot;background_background&quot;:&quot;classic&quot;}\">\n\t\t\t\t<div class=\"elementor-element elementor-element-f8dcecc elementor-widget elementor-widget-text-editor\" data-id=\"f8dcecc\" data-element_type=\"widget\" data-widget_type=\"text-editor.default\">\n\t\t\t\t<div class=\"elementor-widget-container\">\n\t\t\t\t\t\t\t\t\t<h2>EREDM\u00c9NYEINK<\/h2>\t\t\t\t\t\t\t\t<\/div>\n\t\t\t\t<\/div>\n\t\t<div class=\"elementor-element elementor-element-680f4b0 e-grid e-con-boxed e-con e-child\" data-id=\"680f4b0\" data-element_type=\"container\" data-settings=\"{&quot;background_background&quot;:&quot;classic&quot;}\">\n\t\t\t\t\t<div class=\"e-con-inner\">\n\t\t\t\t<div class=\"elementor-element elementor-element-be0ef35 elementor-align-justify elementor-widget__width-initial elementor-widget elementor-widget-button\" data-id=\"be0ef35\" data-element_type=\"widget\" data-widget_type=\"button.default\">\n\t\t\t\t<div class=\"elementor-widget-container\">\n\t\t\t\t\t\t\t\t\t<div class=\"elementor-button-wrapper\">\n\t\t\t\t\t<a class=\"elementor-button elementor-button-link elementor-size-sm\" href=\"https:\/\/delmatra.hu\/2024\/nyertes-palyazatok\/\">\n\t\t\t\t\t\t<span class=\"elementor-button-content-wrapper\">\n\t\t\t\t\t\t\t\t\t<span class=\"elementor-button-text\">Megval\u00f3sult projektek (2007-2013)<\/span>\n\t\t\t\t\t<\/span>\n\t\t\t\t\t<\/a>\n\t\t\t\t<\/div>\n\t\t\t\t\t\t\t\t<\/div>\n\t\t\t\t<\/div>\n\t\t\t\t<div class=\"elementor-element elementor-element-61bd965 elementor-align-justify elementor-widget__width-initial elementor-widget elementor-widget-button\" data-id=\"61bd965\" data-element_type=\"widget\" data-widget_type=\"button.default\">\n\t\t\t\t<div class=\"elementor-widget-container\">\n\t\t\t\t\t\t\t\t\t<div class=\"elementor-button-wrapper\">\n\t\t\t\t\t<a class=\"elementor-button elementor-button-link elementor-size-sm\" href=\"https:\/\/delmatra.hu\/2024\/nyertes-palyazatok-14-21\">\n\t\t\t\t\t\t<span class=\"elementor-button-content-wrapper\">\n\t\t\t\t\t\t\t\t\t<span class=\"elementor-button-text\">Megval\u00f3sult projektek (2014-2021)<\/span>\n\t\t\t\t\t<\/span>\n\t\t\t\t\t<\/a>\n\t\t\t\t<\/div>\n\t\t\t\t\t\t\t\t<\/div>\n\t\t\t\t<\/div>\n\t\t\t\t<div class=\"elementor-element elementor-element-8869659 elementor-align-justify elementor-widget__width-initial elementor-widget elementor-widget-button\" data-id=\"8869659\" data-element_type=\"widget\" data-widget_type=\"button.default\">\n\t\t\t\t<div class=\"elementor-widget-container\">\n\t\t\t\t\t\t\t\t\t<div class=\"elementor-button-wrapper\">\n\t\t\t\t\t<a class=\"elementor-button elementor-button-link elementor-size-sm\" href=\"https:\/\/delmatra.hu\/sites\/default\/files\/D%C3%A9l-M%C3%A1traLEADER%20v%C3%A9gbesz%C3%A1mol%C3%B3_v%C3%A9ge.pdf\">\n\t\t\t\t\t\t<span class=\"elementor-button-content-wrapper\">\n\t\t\t\t\t\t\t\t\t<span class=\"elementor-button-text\">Z\u00e1r\u00f3 besz\u00e1mol\u00f3 (2007-2013)<\/span>\n\t\t\t\t\t<\/span>\n\t\t\t\t\t<\/a>\n\t\t\t\t<\/div>\n\t\t\t\t\t\t\t\t<\/div>\n\t\t\t\t<\/div>\n\t\t\t\t\t<\/div>\n\t\t\t\t<\/div>\n\t\t\t\t<\/div>\n\t\t<div class=\"elementor-element elementor-element-866fced e-con-full e-flex e-con e-parent\" data-id=\"866fced\" data-element_type=\"container\" data-settings=\"{&quot;background_background&quot;:&quot;classic&quot;}\">\n\t\t<div class=\"elementor-element elementor-element-49d8ed5 e-flex e-con-boxed e-con e-child\" data-id=\"49d8ed5\" data-element_type=\"container\" data-settings=\"{&quot;background_background&quot;:&quot;classic&quot;}\">\n\t\t\t\t\t<div class=\"e-con-inner\">\n\t\t<div class=\"elementor-element elementor-element-a32256d e-grid e-con-full e-con e-child\" data-id=\"a32256d\" data-element_type=\"container\">\n\t\t\t\t<div class=\"elementor-element elementor-element-9c32f4e elementor-widget elementor-widget-image\" data-id=\"9c32f4e\" data-element_type=\"widget\" data-widget_type=\"image.default\">\n\t\t\t\t<div class=\"elementor-widget-container\">\n\t\t\t\t\t\t\t\t\t\t\t\t\t\t\t\t<a href=\"https:\/\/kap.gov.hu\/\" target=\"_blank\">\n\t\t\t\t\t\t\t<img decoding=\"async\" src=\"https:\/\/delmatra.hu\/2024\/wp-content\/uploads\/elementor\/thumbs\/kap-qz9qrnuckb6lm7qb9fg03cme0o2dgeayocs1p7yfwg.jpg\" title=\"kap\" alt=\"kap\" loading=\"lazy\" \/>\t\t\t\t\t\t\t\t<\/a>\n\t\t\t\t\t\t\t\t\t\t\t\t\t\t\t<\/div>\n\t\t\t\t<\/div>\n\t\t\t\t<div class=\"elementor-element elementor-element-90f5ed5 elementor-widget elementor-widget-image\" data-id=\"90f5ed5\" data-element_type=\"widget\" data-widget_type=\"image.default\">\n\t\t\t\t<div class=\"elementor-widget-container\">\n\t\t\t\t\t\t\t\t\t\t\t\t\t\t\t\t<a href=\"https:\/\/kap.mnvh.eu\/KAP_II\" target=\"_blank\">\n\t\t\t\t\t\t\t<img decoding=\"async\" src=\"https:\/\/delmatra.hu\/2024\/wp-content\/uploads\/elementor\/thumbs\/eu_logo-qz9qych15wc06e0s8bghtnwe3b4c6wu8xfsck21nnk.jpg\" title=\"eu_logo\" alt=\"eu_logo\" loading=\"lazy\" \/>\t\t\t\t\t\t\t\t<\/a>\n\t\t\t\t\t\t\t\t\t\t\t\t\t\t\t<\/div>\n\t\t\t\t<\/div>\n\t\t\t\t<div class=\"elementor-element elementor-element-e42df5d elementor-widget elementor-widget-image\" data-id=\"e42df5d\" data-element_type=\"widget\" data-widget_type=\"image.default\">\n\t\t\t\t<div class=\"elementor-widget-container\">\n\t\t\t\t\t\t\t\t\t\t\t\t\t\t\t\t<a href=\"https:\/\/delmatra.hu\/images\/Turisztikai_szolgltatk_adatbzisa_2014--2023.pdf\" target=\"_blank\">\n\t\t\t\t\t\t\t<img decoding=\"async\" src=\"https:\/\/delmatra.hu\/2024\/wp-content\/uploads\/elementor\/thumbs\/LEADER-logo-qz8b22hd6isvwbsrnqtkw47wejmewlwoqbn36w5r0g.jpg\" title=\"LEADER logo\" alt=\"LEADER logo\" loading=\"lazy\" \/>\t\t\t\t\t\t\t\t<\/a>\n\t\t\t\t\t\t\t\t\t\t\t\t\t\t\t<\/div>\n\t\t\t\t<\/div>\n\t\t\t\t<div class=\"elementor-element elementor-element-54e4d04 elementor-widget elementor-widget-image\" data-id=\"54e4d04\" data-element_type=\"widget\" data-widget_type=\"image.default\">\n\t\t\t\t<div class=\"elementor-widget-container\">\n\t\t\t\t\t\t\t\t\t\t\t\t\t\t\t\t<a href=\"https:\/\/magyarkozlony.hu\/\" target=\"_blank\">\n\t\t\t\t\t\t\t<img decoding=\"async\" width=\"168\" height=\"54\" src=\"https:\/\/delmatra.hu\/2024\/wp-content\/uploads\/2024\/12\/mkozlony.png\" class=\"attachment-medium size-medium wp-image-1242\" alt=\"\" \/>\t\t\t\t\t\t\t\t<\/a>\n\t\t\t\t\t\t\t\t\t\t\t\t\t\t\t<\/div>\n\t\t\t\t<\/div>\n\t\t\t\t<div class=\"elementor-element elementor-element-1e05075 elementor-widget elementor-widget-image\" data-id=\"1e05075\" data-element_type=\"widget\" data-widget_type=\"image.default\">\n\t\t\t\t<div class=\"elementor-widget-container\">\n\t\t\t\t\t\t\t\t\t\t\t\t\t\t\t\t<a href=\"https:\/\/www.allamkincstar.gov.hu\/\" target=\"_blank\">\n\t\t\t\t\t\t\t<img decoding=\"async\" width=\"275\" height=\"75\" src=\"https:\/\/delmatra.hu\/2024\/wp-content\/uploads\/2024\/12\/allamk.png\" class=\"attachment-medium size-medium wp-image-1251\" alt=\"\" \/>\t\t\t\t\t\t\t\t<\/a>\n\t\t\t\t\t\t\t\t\t\t\t\t\t\t\t<\/div>\n\t\t\t\t<\/div>\n\t\t\t\t<div class=\"elementor-element elementor-element-4a3f800 elementor-widget elementor-widget-image\" data-id=\"4a3f800\" data-element_type=\"widget\" data-widget_type=\"image.default\">\n\t\t\t\t<div class=\"elementor-widget-container\">\n\t\t\t\t\t\t\t\t\t\t\t\t\t\t\t\t<a href=\"https:\/\/portal.nebih.gov.hu\/\" target=\"_blank\">\n\t\t\t\t\t\t\t<img decoding=\"async\" width=\"143\" height=\"61\" src=\"https:\/\/delmatra.hu\/2024\/wp-content\/uploads\/2024\/12\/nebih.jpg\" class=\"attachment-medium size-medium wp-image-1255\" alt=\"\" \/>\t\t\t\t\t\t\t\t<\/a>\n\t\t\t\t\t\t\t\t\t\t\t\t\t\t\t<\/div>\n\t\t\t\t<\/div>\n\t\t\t\t<div class=\"elementor-element elementor-element-e93f817 elementor-widget elementor-widget-image\" data-id=\"e93f817\" data-element_type=\"widget\" data-widget_type=\"image.default\">\n\t\t\t\t<div class=\"elementor-widget-container\">\n\t\t\t\t\t\t\t\t\t\t\t\t\t\t\t\t<a href=\"https:\/\/mnvh.hu\/\" target=\"_blank\">\n\t\t\t\t\t\t\t<img decoding=\"async\" src=\"https:\/\/delmatra.hu\/2024\/wp-content\/uploads\/elementor\/thumbs\/image002-qz9r4dlr0ml8ob9e0fbbbn3vbbe4kzs8rahiez3pq8.jpg\" title=\"image002\" alt=\"image002\" loading=\"lazy\" \/>\t\t\t\t\t\t\t\t<\/a>\n\t\t\t\t\t\t\t\t\t\t\t\t\t\t\t<\/div>\n\t\t\t\t<\/div>\n\t\t\t\t<div class=\"elementor-element elementor-element-cf068ed elementor-widget elementor-widget-image\" data-id=\"cf068ed\" data-element_type=\"widget\" data-widget_type=\"image.default\">\n\t\t\t\t<div class=\"elementor-widget-container\">\n\t\t\t\t\t\t\t\t\t\t\t\t\t\t\t\t<a href=\"http:\/\/europa.eu\/index_hu.htm\" target=\"_blank\">\n\t\t\t\t\t\t\t<img decoding=\"async\" src=\"https:\/\/delmatra.hu\/2024\/wp-content\/uploads\/elementor\/thumbs\/image009-qz9r5w4e10nvdp2762voc9clrnxezfsoasbo90uvpc.jpg\" title=\"image009\" alt=\"image009\" loading=\"lazy\" \/>\t\t\t\t\t\t\t\t<\/a>\n\t\t\t\t\t\t\t\t\t\t\t\t\t\t\t<\/div>\n\t\t\t\t<\/div>\n\t\t\t\t<div class=\"elementor-element elementor-element-3c081c3 elementor-widget elementor-widget-image\" data-id=\"3c081c3\" data-element_type=\"widget\" data-widget_type=\"image.default\">\n\t\t\t\t<div class=\"elementor-widget-container\">\n\t\t\t\t\t\t\t\t\t\t\t\t\t\t\t\t<a href=\"https:\/\/kormany.hu\/agrarminiszterium\" target=\"_blank\">\n\t\t\t\t\t\t\t<img decoding=\"async\" src=\"https:\/\/delmatra.hu\/2024\/wp-content\/uploads\/elementor\/thumbs\/agrarmin-qz9r6q783pt1p7uiafvqk1rcrzt5tr432x77lvma68.jpg\" title=\"agrarmin\" alt=\"agrarmin\" loading=\"lazy\" \/>\t\t\t\t\t\t\t\t<\/a>\n\t\t\t\t\t\t\t\t\t\t\t\t\t\t\t<\/div>\n\t\t\t\t<\/div>\n\t\t\t\t<div class=\"elementor-element elementor-element-513eaf4 elementor-widget elementor-widget-image\" data-id=\"513eaf4\" data-element_type=\"widget\" data-widget_type=\"image.default\">\n\t\t\t\t<div class=\"elementor-widget-container\">\n\t\t\t\t\t\t\t\t\t\t\t\t\t\t\t\t<a href=\"https:\/\/magyarmezogazdasag.hu\/\" target=\"_blank\">\n\t\t\t\t\t\t\t<img decoding=\"async\" src=\"https:\/\/delmatra.hu\/2024\/wp-content\/uploads\/elementor\/thumbs\/30mg-qz9spdjffym2lqzzbcjebc540ork32o1qpiwnfaark.png\" title=\"30mg\" alt=\"30mg\" loading=\"lazy\" \/>\t\t\t\t\t\t\t\t<\/a>\n\t\t\t\t\t\t\t\t\t\t\t\t\t\t\t<\/div>\n\t\t\t\t<\/div>\n\t\t\t\t<div class=\"elementor-element elementor-element-cba5ab4 elementor-widget elementor-widget-image\" data-id=\"cba5ab4\" data-element_type=\"widget\" data-widget_type=\"image.default\">\n\t\t\t\t<div class=\"elementor-widget-container\">\n\t\t\t\t\t\t\t\t\t\t\t\t\t\t\t\t<a href=\"http:\/\/www.foldhivatal.hu\/\" target=\"_blank\">\n\t\t\t\t\t\t\t<img loading=\"lazy\" decoding=\"async\" width=\"172\" height=\"61\" src=\"https:\/\/delmatra.hu\/2024\/wp-content\/uploads\/2024\/12\/foldugy.png\" class=\"attachment-medium size-medium wp-image-1277\" alt=\"\" \/>\t\t\t\t\t\t\t\t<\/a>\n\t\t\t\t\t\t\t\t\t\t\t\t\t\t\t<\/div>\n\t\t\t\t<\/div>\n\t\t\t\t<div class=\"elementor-element elementor-element-e4b370b elementor-widget elementor-widget-image\" data-id=\"e4b370b\" data-element_type=\"widget\" data-widget_type=\"image.default\">\n\t\t\t\t<div class=\"elementor-widget-container\">\n\t\t\t\t\t\t\t\t\t\t\t\t\t\t\t\t<a href=\"https:\/\/vali.hu\/\" target=\"_blank\">\n\t\t\t\t\t\t\t<img decoding=\"async\" src=\"https:\/\/delmatra.hu\/2024\/wp-content\/uploads\/elementor\/thumbs\/vali-qz9srs0kwpwkd6z85lnke5hiqwm60ell9an57h12io.jpg\" title=\"vali\" alt=\"vali\" loading=\"lazy\" \/>\t\t\t\t\t\t\t\t<\/a>\n\t\t\t\t\t\t\t\t\t\t\t\t\t\t\t<\/div>\n\t\t\t\t<\/div>\n\t\t\t\t<\/div>\n\t\t<div class=\"elementor-element elementor-element-648e196 e-grid e-con-full e-con e-child\" data-id=\"648e196\" data-element_type=\"container\">\n\t\t\t\t<div class=\"elementor-element elementor-element-731eafe elementor-widget elementor-widget-image\" data-id=\"731eafe\" data-element_type=\"widget\" data-widget_type=\"image.default\">\n\t\t\t\t<div class=\"elementor-widget-container\">\n\t\t\t\t\t\t\t\t\t\t\t\t\t\t\t\t<a href=\"https:\/\/www.aki.gov.hu\/\" target=\"_blank\">\n\t\t\t\t\t\t\t<img decoding=\"async\" src=\"https:\/\/delmatra.hu\/2024\/wp-content\/uploads\/elementor\/thumbs\/aki-qz9r9jpslto0j3r1tnrg1c54xlwsx2b3gvnnfrfri8.jpg\" title=\"aki\" alt=\"aki\" loading=\"lazy\" \/>\t\t\t\t\t\t\t\t<\/a>\n\t\t\t\t\t\t\t\t\t\t\t\t\t\t\t<\/div>\n\t\t\t\t<\/div>\n\t\t\t\t<div class=\"elementor-element elementor-element-d1ea1b8 elementor-widget elementor-widget-image\" data-id=\"d1ea1b8\" data-element_type=\"widget\" data-widget_type=\"image.default\">\n\t\t\t\t<div class=\"elementor-widget-container\">\n\t\t\t\t\t\t\t\t\t\t\t\t\t\t\t\t<a href=\"https:\/\/nak.hu\/kap-2023-2027\" target=\"_blank\">\n\t\t\t\t\t\t\t<img decoding=\"async\" src=\"https:\/\/delmatra.hu\/2024\/wp-content\/uploads\/elementor\/thumbs\/nakamara-qz9raaz440pbvsngehjmjn9i5s6g4abb8mkqcsbchs.jpg\" title=\"nakamara\" alt=\"nakamara\" loading=\"lazy\" \/>\t\t\t\t\t\t\t\t<\/a>\n\t\t\t\t\t\t\t\t\t\t\t\t\t\t\t<\/div>\n\t\t\t\t<\/div>\n\t\t\t\t<\/div>\n\t\t\t\t\t<\/div>\n\t\t\t\t<\/div>\n\t\t\t\t<\/div>\n\t\t\t\t<\/div>\n\t\t","protected":false},"excerpt":{"rendered":"<p>EREDM\u00c9NYEINK Megval\u00f3sult projektek (2007-2013) Megval\u00f3sult projektek (2014-2021) Z\u00e1r\u00f3 besz\u00e1mol\u00f3 (2007-2013)<\/p>\n","protected":false},"author":1,"featured_media":0,"parent":0,"menu_order":0,"comment_status":"closed","ping_status":"closed","template":"","meta":{"footnotes":""},"class_list":["post-1605","page","type-page","status-publish","hentry"],"rttpg_featured_image_url":null,"rttpg_author":{"display_name":"d@lmatra","author_link":"https:\/\/delmatra.hu\/2024\/author\/dlmatra\/"},"rttpg_comment":0,"rttpg_category":null,"rttpg_excerpt":"EREDM\u00c9NYEINK Megval\u00f3sult projektek (2007-2013) Megval\u00f3sult projektek (2014-2021) Z\u00e1r\u00f3 besz\u00e1mol\u00f3 (2007-2013)","_links":{"self":[{"href":"https:\/\/delmatra.hu\/2024\/wp-json\/wp\/v2\/pages\/1605","targetHints":{"allow":["GET"]}}],"collection":[{"href":"https:\/\/delmatra.hu\/2024\/wp-json\/wp\/v2\/pages"}],"about":[{"href":"https:\/\/delmatra.hu\/2024\/wp-json\/wp\/v2\/types\/page"}],"author":[{"embeddable":true,"href":"https:\/\/delmatra.hu\/2024\/wp-json\/wp\/v2\/users\/1"}],"replies":[{"embeddable":true,"href":"https:\/\/delmatra.hu\/2024\/wp-json\/wp\/v2\/comments?post=1605"}],"version-history":[{"count":25,"href":"https:\/\/delmatra.hu\/2024\/wp-json\/wp\/v2\/pages\/1605\/revisions"}],"predecessor-version":[{"id":2069,"href":"https:\/\/delmatra.hu\/2024\/wp-json\/wp\/v2\/pages\/1605\/revisions\/2069"}],"wp:attachment":[{"href":"https:\/\/delmatra.hu\/2024\/wp-json\/wp\/v2\/media?parent=1605"}],"curies":[{"name":"wp","href":"https:\/\/api.w.org\/{rel}","templated":true}]}}